1, 1307
List the prime factors of 602512026.
2, 3, 137, 227, 3229
List the prime factors of 16976444.
2, 769, 5519
What are the prime factors of 33503022?
2, 3, 7, 17, 15641
What are the prime factors of 31013394?
2, 3, 1153, 4483
What are the prime factors of 73819415?
5, 839, 17597
What are the prime factors of 554087165?
5, 683, 162251
List the prime factors of 49782174.
2, 3, 13, 638233
List the prime factors of 174938884.
2, 43734721
List the prime factors of 1973803252.
2, 493450813
What are the prime factors of 2604609354?
2, 3, 61, 7116419
List the prime factors of 150935790.
2, 3, 5, 5031193
What are the prime factors of 896103927?
3, 47, 2118449
List the prime factors of 2697006450.
2, 3, 5, 23, 781741
List the prime factors of 1910419715.
5, 53, 83, 86857
What are the prime factors of 223517706?
2, 3, 37252951
What are the prime factors of 2124692578?
2, 4019, 264331
List the prime factors of 657553424.
2, 11, 29, 128831
What are the prime factors of 118590379?
313, 378883
What are the prime factors of 104818886?
2, 167, 313829
What are the prime factors of 921717215?
5, 184343443
List the prime factors of 675679424.
2, 7, 215459
What are the prime factors of 46249317?
3, 431, 11923
What are the prime factors of 443304274?
2, 7, 17, 266089
List the prime factors of 1306247980.
2, 5, 43, 1518893
What are the prime factors of 67382415?
3, 5, 499129
List the prime factors of 394051773.
3, 19, 6913189
List the prime factors of 86981655.
3, 5, 1831, 3167
List the prime factors of 50371060.
2, 5, 37, 43, 1583
List the prime factors of 268319377.
127, 2112751
What are the prime factors of 677671867?
17, 997, 39983
What are the prime factors of 76584249?
3, 7, 1215623
List the prime factors of 1330130317.
1330130317
What are the prime factors of 119413559?
17, 557, 12611
What are the prime factors of 50847571?
337, 150883
List the prime factors of 130200383.
53, 349, 7039
What are the prime factors of 45156642?
2, 3, 89, 103, 821
What are the prime factors of 559748292?
2, 3, 181, 257711
List the prime factors of 142454921.
7, 37, 587, 937
List the prime factors of 544210901.
13, 19, 409, 5387
What are the prime factors of 659820515?
5, 257, 513479
List the prime factors of 89470799.
11, 823, 9883
List the prime factors of 885359983.
17, 52079999
List the prime factors of 2977816527.
3, 7, 107, 16361
List the prime factors of 144467344.
2, 7, 359, 3593
What are the prime factors of 1422588385?
5, 284517677
List the prime factors of 209596810.
2, 5, 149, 163, 863
List the prime factors of 47325160.
2, 5, 499, 2371
List the prime factors of 1843546721.
181, 1297, 7853
List the prime factors of 27307675.
5, 1092307
What are the prime factors of 3889266430?
2, 5, 7, 59, 659, 1429
What are the prime factors of 4970561?
89, 55849
List the prime factors of 505848124.
2, 17, 67, 111029
What are the prime factors of 918086293?
918086293
What are the prime factors of 1696177?
7, 293, 827
List the prime factors of 2933306506.
2, 13, 112819481
What are the prime factors of 763373118?
2, 3, 73, 1742861
List the prime factors of 600527962.
2, 300263981
What are the prime factors of 56607795?
3, 5, 419317
What are the prime factors of 1627599?
3, 542533
What are the prime factors of 583603043?
59, 61, 167, 971
List the prime factors of 126427396.
2, 43, 735043
What are the prime factors of 451099724?
2, 31, 3637901
What are the prime factors of 129862449?
3, 14429161
What are the prime factors of 3247331?
3247331
List the prime factors of 19016639.
199, 95561
What are the prime factors of 8239732881?
3, 2746577627
What are the prime factors of 6718500?
2, 3, 5, 1493
List the prime factors of 1327817093.
1327817093
What are the prime factors of 5726716560?
2, 3, 5, 17, 467869
What are the prime factors of 3362189639?
3362189639
What are the prime factors of 85155651?
3, 7, 349, 1291
List the prime factors of 48554678.
2, 53, 458063
List the prime factors of 6015679526.
2, 113, 26618051
What are the prime factors of 326238319?
11, 3061, 9689
List the prime factors of 34371482.
2, 283, 60727
List the prime factors of 170596385.
5, 34119277
List the prime factors of 38485041.
3, 7, 97, 2699
What are the prime factors of 2191179304?
2, 273897413
List the prime factors of 267530647.
223, 1199689
What are the prime factors of 117358474?
2, 58679237
List the prime factors of 3669652861.
7, 17, 2153, 14323
List the prime factors of 322697752.
2, 13, 227, 13669
What are the prime factors of 872386188?
2, 3, 89, 816841
What are the prime factors of 792581933?
11, 13, 5542531
What are the prime factors of 113127807?
3, 13, 977, 2969
What are the prime factors of 432052968?
2, 3, 173, 104059
List the prime factors of 37068913.
7, 5295559
What are the prime factors of 233307960?
2, 3, 5, 109, 17837
What are the prime factors of 123226756?
2, 30806689
List the prime factors of 619456223.
619456223
What are the prime factors of 25309943?
25309943
List the prime factors of 3754837.
19, 83, 2381
List the prime factors of 439885324.
2, 109971331
What are the prime factors of 1566104095?
5, 313220819
List the prime factors of 358907133.
3, 13, 9202747
List the prime factors of 15779591.
881, 17911
List the prime factors of 38709484.
2, 11, 71, 12391
List the prime factors of 137239297.
13, 239, 44171
What are the prime factors of 547605929?
13, 139, 179, 1693
List the prime factors of 10086274.
2, 11, 37, 12391
What are the prime factors of 330249906?
2, 3, 7, 19, 6569
List the prime factors of 34052721.
3, 11350907
What are the prime factors of 238158180?
2, 3, 5, 13, 7829
What are the prime factors of 1978463354?
2, 7, 141318811
List the prime factors of 561526302.
2, 3, 93587717
What are the prime factors of 151291694?
2, 59, 1282133
List the prime factors of 312624353.
311, 1005223
List the prime factors of 36364744.
2, 13, 2069
List the prime factors of 1179771889.
12641, 93329
List the prime factors of 2842481952.
2, 3, 1741, 5669
What are the prime factors of 48556823?
7, 59, 117571
List the prime factors of 2324030655.
3, 5, 53, 139, 21031
What are the prime factors of 206675672?
2, 7, 311, 11867
What are the prime factors of 331450070?
2, 5, 7, 37, 127973
List the prime factors of 380246439.
3, 103, 1230571
List the prime factors of 1551575915.
5, 41, 7568663
List the prime factors of 182123555.
5, 263, 138497
List the prime factors of 989813000.
2, 5, 11, 89983
What are the prime factors of 32211148?
2, 8052787
What are the prime factors of 448218952?
2, 89, 229, 2749
List the prime factors of 680715.
3, 5, 7, 2161
What are the prime factors of 95346601?
7, 79, 24631
List the prime factors of 33646487.
7, 97, 7079
List the prime factors of 33826622.
2, 16913311
List the prime factors of 2618801315.
5, 13, 167, 241253
List the prime factors of 34077125.
5, 179, 1523
List the prime factors of 1221405086.
2, 11, 17, 199, 16411
What are the prime factors of 335775279?
3, 7, 17, 940547
List the prime factors of 805752677.
805752677
List the prime factors of 1704573.
3, 13, 17, 857
List the prime factors of 35044201.
35044201
List the prime factors of 69036335.
5, 2297, 6011
What are the prime factors of 2547090919?
16183, 157393
List the prime factors of 41786129.
7, 11, 29, 18713
What are the prime factors of 439235951?
7, 11, 509, 1601
List the prime factors of 16653333.
3, 5551111
List the prime factors of 103907386.
2, 11, 101, 463
What are the prime factors of 4528908?
2, 3, 125803
List the prime factors of 2488339385.
5, 7, 17, 4182083
List the prime factors of 110216845.
5, 311, 70879
What are the prime factors of 1868357520?
2, 3, 5, 677, 3833
List the prime factors of 285645192.
2, 3, 7, 1700269
List the prime factors of 128914362.
2, 3, 2387303
What are the prime factors of 519473830?
2, 5, 51947383
What are the prime factors of 1148373983?
47, 61, 263, 1523
List the prime factors of 166078162.
2, 97, 856073
What are the prime factors of 901049583?
3, 7, 101, 60689
List the prime factors of 1129207204.
2, 587, 593, 811
What are the prime factors of 20776261?
11, 17, 111103
List the prime factors of 1482201556.
2, 11, 33686399
List the prime factors of 110713655.
5, 13, 1703287
List the prime factors of 54855717.
3, 7, 19, 137483
What are the prime factors